{"id":9323,"date":"2024-06-07T08:30:56","date_gmt":"2024-06-07T08:30:56","guid":{"rendered":"https:\/\/mojago.tv\/usa\/?post_type=product&#038;p=9323"},"modified":"2025-10-30T13:15:01","modified_gmt":"2025-10-30T13:15:01","slug":"film-nedelja","status":"publish","type":"product","link":"https:\/\/mojago.tv\/usa\/proizvod\/film-nedelja\/","title":{"rendered":"Film Nedelja"},"content":{"rendered":"","protected":false},"excerpt":{"rendered":"<div class=\"more2\"><a class=\"btn\" style=\"color: #fff;\" title=\"\" href=\"https:\/\/mojago.tv\/usa\/probaj-besplatno\/\" target=\"_self\" rel=\"noopener noreferrer\">PROBAJ BESPLATNO<\/a><\/div>\n<div><strong>FILM NEDELJA<\/strong><\/div>\n<p><strong>\u017danr:<\/strong> biografska drama<\/p>\n<p><strong>Opis:<\/strong> \u017divotna pri\u010da pjeva\u010da D\u017eeja Ramadanovskog koji je na ulici odrastao, sticao vaspitanje, nalazio prijatelje i ljubavi \u2026 Ovo je ujedno i film o nesre\u0107nom odrastanju, te\u0161kom \u017eivotu i pravom prijateljstvu &#8220;mangupa sa Dor\u0107ola&#8221;. Film prati period njegovog djetinjstva do prvog velikog koncerta.<\/p>\n<p>&nbsp;<\/p>\n<p><a class=\"btn-buy\" href=\"https:\/\/pay.mtel.global\/b\/6oE2b5bifeMf9NK3jB\" target=\"_blank\" rel=\"noopener noreferrer\">NARU\u010cI<\/a><\/p>\n","protected":false},"featured_media":9325,"template":"","meta":[],"product_cat":[301,318],"product_tag":[],"aioseo_notices":[],"_links":{"self":[{"href":"https:\/\/mojago.tv\/usa\/wp-json\/wp\/v2\/product\/9323"}],"collection":[{"href":"https:\/\/mojago.tv\/usa\/wp-json\/wp\/v2\/product"}],"about":[{"href":"https:\/\/mojago.tv\/usa\/wp-json\/wp\/v2\/types\/product"}],"wp:featuredmedia":[{"embeddable":true,"href":"https:\/\/mojago.tv\/usa\/wp-json\/wp\/v2\/media\/9325"}],"wp:attachment":[{"href":"https:\/\/mojago.tv\/usa\/wp-json\/wp\/v2\/media?parent=9323"}],"wp:term":[{"taxonomy":"product_cat","embeddable":true,"href":"https:\/\/mojago.tv\/usa\/wp-json\/wp\/v2\/product_cat?post=9323"},{"taxonomy":"product_tag","embeddable":true,"href":"https:\/\/mojago.tv\/usa\/wp-json\/wp\/v2\/product_tag?post=9323"}],"curies":[{"name":"wp","href":"https:\/\/api.w.org\/{rel}","templated":true}]}}