{"id":9311,"date":"2024-02-19T08:43:34","date_gmt":"2024-02-19T08:43:34","guid":{"rendered":"https:\/\/mojago.tv\/usa\/?post_type=product&#038;p=9311"},"modified":"2025-10-30T13:15:01","modified_gmt":"2025-10-30T13:15:01","slug":"serija-toma","status":"publish","type":"product","link":"https:\/\/mojago.tv\/usa\/proizvod\/serija-toma\/","title":{"rendered":"Serija Toma"},"content":{"rendered":"","protected":false},"excerpt":{"rendered":"<div class=\"more2\"><a class=\"btn\" style=\"color: #fff;\" title=\"\" href=\"https:\/\/mojago.tv\/usa\/probaj-besplatno\/\" target=\"_self\" rel=\"noopener noreferrer\">PROBAJ BESPLATNO<\/a><\/div>\n<div><strong>SERIJA TOMA<\/strong><\/div>\n<p>Biografska serija o tomi Zdravkovi\u0107u, \u010dovjeku koji je ostao upam\u0107en, ne samo po pjesmama i na\u010dinu na\u00a0koji je pjevao, ve\u0107 kao jedan od najve\u0107ih boema sa ovih prostora po pona\u0161anju i du\u0161i. Kroz 8 epizoda\u00a0prikazan\u00a0je njegov po\u010detak, vrhunac slave, njegove ljubavi koje su ga inspirisale prilikom komponovanja nekih od najve\u0107ih hitova kao i odnos sa brojnim\u00a0prijateljima koje je imao u umjetni\u010dkom miljeu tada\u0161nje Jugoslavije: Zoran Radmilovi\u0107. Mika Anti\u0107. Tozovac. Silvana Armenuli\u0107 i mnogi drugi.<\/p>\n<p>&nbsp;<\/p>\n<p><a class=\"btn-buy usa\" href=\"https:\/\/pay.mtel.global\/b\/3cs1713PNdIb1he5rd\" target=\"_blank\" rel=\"noopener noreferrer\">NARU\u010cI<\/a><br \/>\n<a class=\"btn-buy uae\" href=\"https:\/\/pay.mtel.global\/b\/3cs1713PNdIb1he5rd\" target=\"_blank\" rel=\"noopener noreferrer\">NARU\u010cI<\/a><br \/>\n<a class=\"btn-buy cad\" href=\"https:\/\/pay.mtel.global\/b\/3cs1713PNdIb1he5rd\" target=\"_blank\" rel=\"noopener noreferrer\">NARU\u010cI<\/a><br \/>\n<a class=\"btn-buy aud\" href=\"https:\/\/pay.mtel.global\/b\/3cs1713PNdIb1he5rd\" target=\"_blank\" rel=\"noopener noreferrer\">NARU\u010cI<\/a><\/p>\n","protected":false},"featured_media":9312,"template":"","meta":[],"product_cat":[318,299],"product_tag":[],"aioseo_notices":[],"_links":{"self":[{"href":"https:\/\/mojago.tv\/usa\/wp-json\/wp\/v2\/product\/9311"}],"collection":[{"href":"https:\/\/mojago.tv\/usa\/wp-json\/wp\/v2\/product"}],"about":[{"href":"https:\/\/mojago.tv\/usa\/wp-json\/wp\/v2\/types\/product"}],"wp:featuredmedia":[{"embeddable":true,"href":"https:\/\/mojago.tv\/usa\/wp-json\/wp\/v2\/media\/9312"}],"wp:attachment":[{"href":"https:\/\/mojago.tv\/usa\/wp-json\/wp\/v2\/media?parent=9311"}],"wp:term":[{"taxonomy":"product_cat","embeddable":true,"href":"https:\/\/mojago.tv\/usa\/wp-json\/wp\/v2\/product_cat?post=9311"},{"taxonomy":"product_tag","embeddable":true,"href":"https:\/\/mojago.tv\/usa\/wp-json\/wp\/v2\/product_tag?post=9311"}],"curies":[{"name":"wp","href":"https:\/\/api.w.org\/{rel}","templated":true}]}}