{"id":8354,"date":"2021-02-09T11:39:49","date_gmt":"2021-02-09T11:39:49","guid":{"rendered":"https:\/\/mojago.tv\/usa\/?page_id=8354"},"modified":"2021-02-09T13:30:00","modified_gmt":"2021-02-09T13:30:00","slug":"blog","status":"publish","type":"page","link":"https:\/\/mojago.tv\/usa\/en\/blog\/","title":{"rendered":"Blog"},"content":{"rendered":"<p>[vc_row css=&#8221;.vc_custom_1612870459675{padding-top: 50px !important;}&#8221;][vc_column][vc_custom_heading text=&#8221;Blog&#8221; font_container=&#8221;tag:h2|font_size:36px|text_align:center|line_height:27px&#8221; use_theme_fonts=&#8221;yes&#8221;][vc_single_image image=&#8221;7134&#8221; img_size=&#8221;full&#8221; alignment=&#8221;center&#8221; css=&#8221;.vc_custom_1612870567184{padding-top: 15px !important;}&#8221;][\/vc_column][\/vc_row][vc_row][vc_column]<!-- blog -->\r<div class=\"blog element-nine \"  data-row-items=\"3\"><article class=\"blog-item \" ><div class=\"holder matchHeight\"><div class=\"pic\"><img loading=\"lazy\" decoding=\"async\" src=\"https:\/\/mojago.tv\/usa\/wp-content\/plugins\/radiantthemes-addons\/blog\/images\/blank-image-100x70.jpg\" alt=\"blank image\" width=\"100\" height=\"70\"><a class=\"holder\" href=\"https:\/\/mojago.tv\/usa\/zelis-da-gledas-najbolje-domace-tv-kanale-i-serije-po-najpovoljnijoj-cijeni-na-pravom-si-mjestu\/\" style=\"background-image:url(https:\/\/mojago.tv\/usa\/wp-content\/uploads\/2022\/02\/05182021-1024x1024.jpg)\"><\/a><\/div><div class=\"data\"><ul class=\"meta\"><li>By: go4tv<\/li><li>On: 17 Februara, 2022<\/li><\/ul><h4><a href=\"https:\/\/mojago.tv\/usa\/zelis-da-gledas-najbolje-domace-tv-kanale-i-serije-po-najpovoljnijoj-cijeni-na-pravom-si-mjestu\/\">\u017deli\u0161 da gleda\u0161 najbolje doma\u0107e TV kanale i serije po najpovoljnijoj cijeni? Na pravom si mjestu!<\/a><\/h4><p>Dosta je bilo mu\u010denja, lo\u0161ih TV signala i napola prekinutih filmova! Sve najbolje kanale s Balkana odsada mo\u017eete da gledate...<\/p><\/div><\/div><\/article><article class=\"blog-item \" ><div class=\"holder matchHeight\"><div class=\"pic\"><img loading=\"lazy\" decoding=\"async\" src=\"https:\/\/mojago.tv\/usa\/wp-content\/plugins\/radiantthemes-addons\/blog\/images\/blank-image-100x70.jpg\" alt=\"blank image\" width=\"100\" height=\"70\"><a class=\"holder\" href=\"https:\/\/mojago.tv\/usa\/najbolja-tv-ponuda-do-sada-svi-filmovi-serije-i-emisije-sa-balkana-super-povoljno-akcija-traje-do-28-februara\/\" style=\"background-image:url(https:\/\/mojago.tv\/usa\/wp-content\/uploads\/2021\/02\/Moja-go-TV.jpg)\"><\/a><\/div><div class=\"data\"><ul class=\"meta\"><li>By: gotv<\/li><li>On: 9 Februara, 2021<\/li><\/ul><h4><a href=\"https:\/\/mojago.tv\/usa\/najbolja-tv-ponuda-do-sada-svi-filmovi-serije-i-emisije-sa-balkana-super-povoljno-akcija-traje-do-28-februara\/\">NAJBOLJA TV PONUDA DO SADA! Svi filmovi, serije i emisije sa Balkana super povoljno! Akcija traje do 28. februara!<\/a><\/h4><p>Se\u0107ate li se vremena kada je postojalo samo nekoliko TV kanala koja je trebalo na\u0161telovati putem TV antene, koja se...<\/p><\/div><\/div><\/article><\/div>\r<!-- blog -->\r[\/vc_column][\/vc_row]<\/p>\n","protected":false},"excerpt":{"rendered":"<p>[vc_row css=&#8221;.vc_custom_1612870459675{padding-top: 50px !important;}&#8221;][vc_column][vc_custom_heading text=&#8221;Blog&#8221; font_container=&#8221;tag:h2|font_size:36px|text_align:center|line_height:27px&#8221; use_theme_fonts=&#8221;yes&#8221;][vc_single_image image=&#8221;7134&#8221; img_size=&#8221;full&#8221; alignment=&#8221;center&#8221; css=&#8221;.vc_custom_1612870567184{padding-top: 15px !important;}&#8221;][\/vc_column][\/vc_row][vc_row][vc_column][\/vc_column][\/vc_row]<\/p>\n","protected":false},"author":1,"featured_media":0,"parent":0,"menu_order":0,"comment_status":"closed","ping_status":"closed","template":"","meta":{"footnotes":""},"aioseo_notices":[],"_links":{"self":[{"href":"https:\/\/mojago.tv\/usa\/wp-json\/wp\/v2\/pages\/8354"}],"collection":[{"href":"https:\/\/mojago.tv\/usa\/wp-json\/wp\/v2\/pages"}],"about":[{"href":"https:\/\/mojago.tv\/usa\/wp-json\/wp\/v2\/types\/page"}],"author":[{"embeddable":true,"href":"https:\/\/mojago.tv\/usa\/wp-json\/wp\/v2\/users\/1"}],"replies":[{"embeddable":true,"href":"https:\/\/mojago.tv\/usa\/wp-json\/wp\/v2\/comments?post=8354"}],"version-history":[{"count":2,"href":"https:\/\/mojago.tv\/usa\/wp-json\/wp\/v2\/pages\/8354\/revisions"}],"predecessor-version":[{"id":8362,"href":"https:\/\/mojago.tv\/usa\/wp-json\/wp\/v2\/pages\/8354\/revisions\/8362"}],"wp:attachment":[{"href":"https:\/\/mojago.tv\/usa\/wp-json\/wp\/v2\/media?parent=8354"}],"curies":[{"name":"wp","href":"https:\/\/api.w.org\/{rel}","templated":true}]}}