{"id":7200,"date":"2020-03-29T18:20:54","date_gmt":"2020-03-29T18:20:54","guid":{"rendered":"https:\/\/mojago.tv\/usa\/?page_id=7200"},"modified":"2024-07-18T19:59:29","modified_gmt":"2024-07-18T19:59:29","slug":"akcija","status":"publish","type":"page","link":"https:\/\/mojago.tv\/usa\/akcija\/","title":{"rendered":"NAJBOLJI TV SADR\u017dAJ"},"content":{"rendered":"<p>[vc_row full_width=&#8221;stretch_row&#8221; gap=&#8221;20&#8221; css_animation=&#8221;none&#8221; css=&#8221;.vc_custom_1585158123503{margin-top: 70px !important;margin-bottom: 70px !important;background-color: #ffffff !important;}&#8221;][vc_column css_animation=&#8221;none&#8221; width=&#8221;3\/4&#8221; css=&#8221;.vc_custom_1585505707912{margin-left: 0px !important;padding-top: 0px !important;padding-bottom: 0px !important;}&#8221;][vc_custom_heading text=&#8221;MOVE &#8211; novo iskustvo gledanja najboljih TV kanala s Balkana, hit serija i filmova.<br \/>\nNova i unaprije\u0111ena verzija MTEL TV aplikacije!<br \/>\nU\u017eivaj u vrhunskom sadr\u017eaju i jedinstvenom interfejsu&#8221; font_container=&#8221;tag:h2|font_size:30px|text_align:left|color:%23dd3333|line_height:27px&#8221; use_theme_fonts=&#8221;yes&#8221; css=&#8221;.vc_custom_1721288496121{margin-top: 0px !important;margin-bottom: 15px !important;padding-top: 0px !important;}&#8221;][vc_single_image image=&#8221;7134&#8221; img_size=&#8221;full&#8221; css=&#8221;.vc_custom_1585240089638{margin-bottom: 20px !important;}&#8221;][vc_column_text][\/vc_column_text][vc_custom_heading text=&#8221;&#8221; font_container=&#8221;tag:h2|font_size:20px|text_align:left|line_height:27px&#8221; use_theme_fonts=&#8221;yes&#8221; css=&#8221;.vc_custom_1672060976094{margin-top: 0px !important;margin-bottom: 15px !important;padding-top: 0px !important;}&#8221;][vc_column_text]<\/p>\n<div dir=\"auto\">\n<div dir=\"auto\">\n<div class=\"flex-1 overflow-hidden\">\n<div class=\"react-scroll-to-bottom--css-vboad-79elbk h-full\">\n<div class=\"react-scroll-to-bottom--css-vboad-1n7m0yu\">\n<div class=\"flex flex-col text-sm gizmo:pb-9 dark:bg-gray-800 gizmo:dark:bg-transparent\">\n<div class=\"w-full text-token-text-primary border-b border-black\/10 gizmo:border-0 dark:border-gray-900\/50 gizmo:dark:border-0 bg-gray-50 gizmo:bg-transparent dark:bg-[#444654] gizmo:dark:bg-transparent\" data-testid=\"conversation-turn-15\">\n<div class=\"p-4 gizmo:py-2 justify-center text-base md:gap-6 md:py-6 m-auto\">\n<div class=\"flex flex-1 gap-4 text-base mx-auto md:gap-6 gizmo:gap-3 gizmo:md:px-5 gizmo:lg:px-1 gizmo:xl:px-5 md:max-w-2xl lg:max-w-[38rem] gizmo:md:max-w-3xl gizmo:lg:max-w-[40rem] gizmo:xl:max-w-[48rem] xl:max-w-3xl } group final-completion\">\n<div class=\"relative flex w-[calc(100%-50px)] flex-col gizmo:w-full lg:w-[calc(100%-115px)] agent-turn\">\n<div class=\"flex-col gap-1 md:gap-3\">\n<div class=\"flex flex-grow flex-col max-w-full gap-3 gizmo:gap-0\">\n<div class=\"min-h-[20px] text-message flex flex-col items-start gap-3 whitespace-pre-wrap break-words [.text-message+&amp;]:mt-5 overflow-x-auto\" data-message-author-role=\"assistant\" data-message-id=\"eebd87bd-7c15-46b2-97f3-1c2f0c6fb7a7\">\n<div class=\"markdown prose w-full break-words dark:prose-invert light\">\n<div dir=\"auto\">\n<div class=\"flex-1 overflow-hidden\">\n<div class=\"react-scroll-to-bottom--css-vboad-79elbk h-full\">\n<div class=\"react-scroll-to-bottom--css-vboad-1n7m0yu\">\n<div class=\"flex flex-col text-sm gizmo:pb-9 dark:bg-gray-800 gizmo:dark:bg-transparent\">\n<div class=\"w-full text-token-text-primary border-b border-black\/10 gizmo:border-0 dark:border-gray-900\/50 gizmo:dark:border-0 bg-gray-50 gizmo:bg-transparent dark:bg-[#444654] gizmo:dark:bg-transparent\" data-testid=\"conversation-turn-15\">\n<div class=\"p-4 gizmo:py-2 justify-center text-base md:gap-6 md:py-6 m-auto\">\n<div class=\"flex flex-1 gap-4 text-base mx-auto md:gap-6 gizmo:gap-3 gizmo:md:px-5 gizmo:lg:px-1 gizmo:xl:px-5 md:max-w-2xl lg:max-w-[38rem] gizmo:md:max-w-3xl gizmo:lg:max-w-[40rem] gizmo:xl:max-w-[48rem] xl:max-w-3xl } group final-completion\">\n<div class=\"relative flex w-[calc(100%-50px)] flex-col gizmo:w-full lg:w-[calc(100%-115px)] agent-turn\">\n<div class=\"flex-col gap-1 md:gap-3\">\n<div class=\"flex flex-grow flex-col max-w-full gap-3 gizmo:gap-0\">\n<div class=\"min-h-[20px] text-message flex flex-col items-start gap-3 whitespace-pre-wrap break-words [.text-message+&amp;]:mt-5 overflow-x-auto\" data-message-author-role=\"assistant\" data-message-id=\"eebd87bd-7c15-46b2-97f3-1c2f0c6fb7a7\">\n<div class=\"markdown prose w-full break-words dark:prose-invert light\">\n<p>Zaboravite na smetnje, lo\u0161u kvalitetu slike i skromnu ponudu kanala. Umjesto toga, u\u017eivajte u potpuno novom vrhunskom korisni\u010dkom iskustvu gledanju televizije uz <strong>MOVE<\/strong>.\u00a0 Najbolja televizija za na\u0161e ljude u dijaspori!<\/p>\n<p><strong>Birajte LEGALNOG i POUZDANOG provajdera<\/strong>! Sa nama nema prekida, samo \u010dista zabava.<\/p>\n<\/div>\n<h3><strong>Napredne funkcionalnosti uz MOVE TV!<\/strong><\/h3>\n<p>&nbsp;<\/p>\n<div class=\"markdown prose w-full break-words dark:prose-invert light\">\n<p><strong>Gledaj ispo\u010detka<\/strong><\/p>\n<p>Vrati omiljenu seriju na po\u010detak, vi\u0161e puta pogledaj postignut gol omiljenog kluba ili pauziraj emisiju i nastavi da gleda\u0161 kasnije.<\/p>\n<p><strong>Kontinuirano gledanje<\/strong><\/p>\n<p>Po\u010dni da gleda\u0161 omiljenu emisiju na jednom ure\u0111aju i nastavi gdje si stao na drugom ure\u0111aju. Sa MOVE aplikacijom nikad nije bilo lak\u0161e.<\/p>\n<p><strong>Nalog za svakog \u010dlana porodice<\/strong><\/p>\n<p>Nova funkcija omogu\u0107ava da napravi\u0161 do 6 naloga za uku\u0107ane \u2013 za sebe, decu i druge \u010dlanove doma\u0107instva. Svako mo\u017ee da ima svoj personalizovani profil za gledanje omiljenog sadr\u017eaja na MOVE-u.<\/p>\n<p>Tehni\u010dka podr\u0161ka uvijek tu za vas! <strong>Prijavite se sada i iskoristite 15 dana BESPLATAN probni period da se uvjerite u kvalitet na\u0161e usluge<\/strong><\/p>\n<\/div>\n<\/div>\n<\/div>\n<\/div>\n<\/div>\n<\/div>\n<\/div>\n<\/div>\n<\/div>\n<\/div>\n<\/div>\n<\/div>\n<\/div>\n<div dir=\"auto\">Ne zaboravite! Trenutno imamo <strong>akciju: gledaj 12 mjeseci, po cijeni od 6 mjeseci i u\u0161tedi 50% za nikad ja\u010du ponudu i celu godinu zabave.<\/strong><\/div>\n<\/div>\n<\/div>\n<\/div>\n<\/div>\n<\/div>\n<\/div>\n<\/div>\n<\/div>\n<\/div>\n<\/div>\n<\/div>\n<\/div>\n<\/div>\n<div dir=\"auto\"><\/div>\n<\/div>\n<div dir=\"auto\">Prijaviti se za BESPLATAN PROBNI PERIOD od 15 dana mo\u017eete <strong><a href=\"https:\/\/mojago.tv\/usa\/probaj-besplatno\/\">OVDJE<\/a><\/strong><\/div>\n<p>Sve informacije o ovoj i ostalim ponudama prona\u0111ite na na\u0161em sajtu ili nas kontaktirajte na broj telefona : +<strong> 1 773 598 5800<\/strong> ili se javite na email:<a href=\"mailto:usa@mojago.tv\"><strong>usa@mojago.tv<\/strong><\/a><\/p>\n<p><strong>Spoj najboljeg TV sadr\u017eaja\u00a0 dobar je razlog da se odmah prijavite za BESPLATAN PROBNI PERIOD i uverite u kvalitet koji pru\u017eamo<\/strong><\/p>\n<p><strong>NE PROPUSTITE OVU SJAJNU PRILIKU!<\/strong>[\/vc_column_text]\r<!-- rt-button2 -->\r<div class=\"rt-button2 element-two hover-style-one ex138063459e8d430  button-custom\"  data-button-direction=\"left\" data-button-fullwidth=\"false\" ><a style=\" color: #ffffff; font-size: 13px;\" class=\"rt-button2-main  vc_custom_1618953520764\" href=\"https:\/\/mojago.tv\/usa\/probaj-besplatno\/\"  title=\"Kupi paket\" target=\"_self\"><div class=\"overlay\"><\/div><div class=\"placeholder\">PROBAJ BESPLATNO 15 DANA<\/div><\/a><\/div>\r<!-- rt-button2 -->\r[\/vc_column][vc_column width=&#8221;1\/4&#8221; css=&#8221;.vc_custom_1518763663115{margin-top: 0px !important;margin-bottom: 0px !important;padding-top: 0px !important;}&#8221;][vc_row_inner css=&#8221;.vc_custom_1585159164333{margin-top: 0px !important;margin-bottom: 0px !important;padding-top: 0px !important;padding-bottom: 0px !important;background-position: center !important;background-repeat: no-repeat !important;background-size: cover !important;}&#8221; el_class=&#8221;box-shadow&#8221;][vc_column_inner css=&#8221;.vc_custom_1585230684715{margin-top: 0px !important;margin-bottom: 0px !important;padding-top: 35px !important;padding-right: 25px !important;padding-bottom: 50px !important;padding-left: 25px !important;background-color: #c51a1b !important;}&#8221;][vc_custom_heading text=&#8221;MOVE&#8221; font_container=&#8221;tag:h4|font_size:22px|text_align:center|color:%23ffffff|line_height:35px&#8221; use_theme_fonts=&#8221;yes&#8221; css=&#8221;.vc_custom_1721229512718{margin-top: 0px !important;margin-bottom: 0px !important;border-bottom-width: 1px !important;padding-top: 0px !important;padding-bottom: 16px !important;border-bottom-color: rgba(255,255,255,0.3) !important;border-bottom-style: solid !important;}&#8221;][vc_column_text css=&#8221;.vc_custom_1666953860276{margin-top: 18px !important;margin-bottom: 0px !important;padding-top: 0px !important;padding-bottom: 4px !important;}&#8221;]<\/p>\n<p style=\"text-align: center;\"><span style=\"color: #ffffff;\">Preuzmi aplikaciju 15 dana i uveri se u kvalitet usluge.<\/span><\/p>\n<p>[\/vc_column_text][vc_empty_space height=&#8221;12px&#8221;]\r<!-- rt-button2 -->\r<div class=\"rt-button2 element-two hover-style-one ex9840aa79bc799a0  button-custom\"  data-button-direction=\"center\" data-button-fullwidth=\"false\" ><a style=\" color: #161617; font-size: 13px;\" class=\"rt-button2-main  vc_custom_1585734598714\" href=\"https:\/\/mojago.tv\/usa\/probaj-besplatno\/\"  title=\"Preuzmi besplatno\" target=\"_self\"><div class=\"overlay\"><\/div><div class=\"placeholder\">PROBAJ BESPLATNO<\/div><\/a><\/div>\r<!-- rt-button2 -->\r[\/vc_column_inner][\/vc_row_inner][vc_empty_space height=&#8221;22px&#8221;][vc_row_inner][vc_column_inner css=&#8221;.vc_custom_1585159331337{padding-right: 0px !important;padding-left: 0px !important;}&#8221;][vc_single_image image=&#8221;9406&#8221; img_size=&#8221;full&#8221; alignment=&#8221;center&#8221; onclick=&#8221;custom_link&#8221; el_class=&#8221;box-shadow&#8221; css=&#8221;.vc_custom_1721332769740{padding-right: 0px !important;padding-left: 0px !important;}&#8221; link=&#8221;https:\/\/mojago.tv\/usa\/star-paketi&#8221;][\/vc_column_inner][\/vc_row_inner][\/vc_column][\/vc_row]<\/p>\n","protected":false},"excerpt":{"rendered":"<p>[vc_row full_width=&#8221;stretch_row&#8221; gap=&#8221;20&#8221; css_animation=&#8221;none&#8221; css=&#8221;.vc_custom_1585158123503{margin-top: 70px !important;margin-bottom: 70px !important;background-color: #ffffff !important;}&#8221;][vc_column css_animation=&#8221;none&#8221; width=&#8221;3\/4&#8221; css=&#8221;.vc_custom_1585505707912{margin-left: 0px !important;padding-top: 0px !important;padding-bottom: 0px !important;}&#8221;][vc_custom_heading text=&#8221;MOVE &#8211; novo iskustvo gledanja najboljih TV kanala s Balkana, hit serija i filmova. Nova i unaprije\u0111ena verzija MTEL TV aplikacije! U\u017eivaj u vrhunskom sadr\u017eaju i jedinstvenom interfejsu&#8221; font_container=&#8221;tag:h2|font_size:30px|text_align:left|color:%23dd3333|line_height:27px&#8221; use_theme_fonts=&#8221;yes&#8221; css=&#8221;.vc_custom_1721288496121{margin-top: 0px !important;margin-bottom: 15px !important;padding-top: [&hellip;]<\/p>\n","protected":false},"author":1,"featured_media":0,"parent":0,"menu_order":0,"comment_status":"closed","ping_status":"closed","template":"","meta":{"footnotes":""},"aioseo_notices":[],"_links":{"self":[{"href":"https:\/\/mojago.tv\/usa\/wp-json\/wp\/v2\/pages\/7200"}],"collection":[{"href":"https:\/\/mojago.tv\/usa\/wp-json\/wp\/v2\/pages"}],"about":[{"href":"https:\/\/mojago.tv\/usa\/wp-json\/wp\/v2\/types\/page"}],"author":[{"embeddable":true,"href":"https:\/\/mojago.tv\/usa\/wp-json\/wp\/v2\/users\/1"}],"replies":[{"embeddable":true,"href":"https:\/\/mojago.tv\/usa\/wp-json\/wp\/v2\/comments?post=7200"}],"version-history":[{"count":91,"href":"https:\/\/mojago.tv\/usa\/wp-json\/wp\/v2\/pages\/7200\/revisions"}],"predecessor-version":[{"id":9407,"href":"https:\/\/mojago.tv\/usa\/wp-json\/wp\/v2\/pages\/7200\/revisions\/9407"}],"wp:attachment":[{"href":"https:\/\/mojago.tv\/usa\/wp-json\/wp\/v2\/media?parent=7200"}],"curies":[{"name":"wp","href":"https:\/\/api.w.org\/{rel}","templated":true}]}}